it of n?
2
Let w(n) = -n**3 - 8*n**2 - 3*n + 9. Suppose -3*i - 5*y = 12, 4*i - 2*y = 2*i - 24. What is the tens digit of w(i)?
1
Let b(z) = -55*z - 19 + 34*z + 50. What is the hundreds digit of b(-13)?
3
Suppose 0 = -35*h + 41*h - 30. Let k(w) = -29*w. Let f be k(-6). Suppose -3*t + h*z = -f, -24 - 34 = -t + 5*z. What is the tens digit of t?
5
What is the hundreds digit of -6 + 2 + -2 - -181?
1
Let w(t) = -9 + 2*t**2 - 3 - t**2 - 7*t - 2*t. Let d be w(9). Let l = 22 + d. What is the units digit of l?
0
Let n(t) be the third derivative of -t**5/60 + 3*t**2. Let o(v) = -2*v**2 - 10*v - 1. Let l(i) = 3*n(i) - o(i). What is the units digit of l(7)?
2
Suppose 0 = 5*i + 3*v - 581, -i + 2*i = -v + 117. What is the units digit of i?
5
Let y(n) = -n**2 + 24*n + 7. Let x(f) = 18*f**2 + 2*f + 1. Let d be x(-1). What is the units digit of y(d)?
6
What is the tens digit of (48/(-15) - 0)/(6/(-5970))?
8
Let h(f) = 5*f - 24. Let a be h(6). Suppose 0 = -a*v + 259 - 97. What is the tens digit of v?
2
What is the units digit of (0 - -27) + -1 - 8/(-8)?
7
Let j(i) = i**3 + 16*i**2 + 14*i + 18. Let l = 1 + 9. Let o be (-145)/l - (-4)/(-8). What is the tens digit of j(o)?
3
Suppose 33349 + 80679 = 58*v. What is the hundreds digit of v?
9
Let f(l) = 285*l + 13. What is the thousands digit of f(4)?
1
Let d(t) = 34*t - 6. Let o be d(9). Suppose n - 385 = -4*v - 154, 5*v = n + o. What is the units digit of v?
9
Suppose -8*x - 640 = -10*x + 2*r, 5*x = r + 1592. What is the tens digit of x?
1
Suppose 0 = -4*x + 10*m - 15*m + 986, -x - 2*m = -245. What is the units digit of x?
9
Let r(v) = -7*v**3 - 3*v**2 - 13*v - 28. What is the units digit of r(-5)?
7
Let a(d) = -3*d + 17. Let l(z) = 7*z - 35. Let s(u) = 9*a(u) + 4*l(u). What is the units digit of s(8)?
1
Suppose 0 = 4*t + 29 + 19. Let d be (4*-7)/(t/48). Let b = d + -46. What is the units digit of b?
6
Let j = 4 - 12. Let t be (-3)/((-328)/(-68) + -5). Let u = t + j. What is the units digit of u?
9
Suppose -4*h + 321 + 2291 = 0. What is the units digit of h?
3
Suppose -c = -644 + 403. What is the hundreds digit of c?
2
Let i = -411 + 1130. What is the units digit of i?
9
Let c = 1955 + -853. What is the thousands digit of c?
1
Suppose 0 = d - r - 2710 - 423, r = -3*d + 9383. What is the hundreds digit of d?
1
What is the hundreds digit of 3716740/4814 - (-2)/(-29)?
7
What is the hundreds digit of ((-2384)/(-6) + 0)/(20/60)?
1
Suppose -56*p = -45*p - 7447. What is the hundreds digit of p?
6
Let l(r) = r**2 + r. Let n be l(4). Suppose -x - 3*x = -n. Suppose -x*m = -m + 12, -5*p = 3*m - 126. What is the tens digit of p?
2
Suppose 8*a - 5*a = -147. Let m = 103 + a. What is the units digit of m?
4
Suppose -2*x + 5*x = 6. Suppose 0 = -x*k + k + 4. What is the tens digit of 23 + k + 0 - 1?
2
What is the hundreds digit of (((-5346)/(-24))/(-11))/(2/(-16))?
1
Let x(v) = v**2 + 28*v - 33. Suppose 8*i - 7*i - 5*b = -27, -b = i + 33. What is the tens digit of x(i)?
9
Let f(m) = 3*m + 8. Let n be f(-6). Let h be (-384)/(-15) + (-4)/n. Suppose -2*c + 0*c = -h. What is the units digit of c?
3
Let w be (-106)/(-6) + 2/(-3). Suppose 0*p + 800 = 40*p. Suppose -13*d + w*d = p. What is the units digit of d?
5
Suppose -94 = -8*h + 34. Suppose -4*v + h = -88. Suppose 25*x - v*x = -75. What is the tens digit of x?
7
Suppose 0 = 4*k - 7*v + 2*v + 533, 127 = -k - 5*v. Let h = k + 186. Suppose h = -0*x + 6*x. What is the units digit of x?
9
Let f(a) = -a**2 + 6*a + 2. Let n be f(6). Let q = 13 + n. What is the units digit of ((-9)/(-27))/(1/q)?
5
Let h be (-4 - -6) + 7 + -3. Suppose -h*z = -z - 2*g - 4, z = -2*g + 8. Suppose -88 = -2*p + z*q, -6*p - q = -2*p - 156. What is the units digit of p?
0
Let v = -1097 - -2440. What is the hundreds digit of v?
3
Suppose 278*o - 280*o = -378. What is the tens digit of o?
8
What is the hundreds digit of ((-3)/(-6))/((-4)/(-2032))?
2
Let v(m) = 116*m - 48. What is the hundreds digit of v(7)?
7
Suppose 2*k - 3273 = -5*c, 2*c - 642 = 4*k + 648. What is the units digit of c?
3
Let r(z) = 54*z - 6. What is the tens digit of r(7)?
7
Suppose -5*z + 1771 = -4*s, -z + 371 = -0*s - 5*s. Suppose -68 = -j - 2*k, k = -2*j + 7*j - z. What is the units digit of j?
0
Let t be 7 + (-7 - (0 + -3)). Let a be 0 + 0 + t - 1. Suppose 3*s - 240 = -a*s. What is the tens digit of s?
4
Suppose 78*a - 70841 = 206527. What is the hundreds digit of a?
5
Let c(o) = 12*o**3 + 7*o**2 - 15*o + 39. What is the hundreds digit of c(7)?
3
Suppose -4*u + 18 = -8*u + l, 4*u = -2*l - 24. What is the units digit of (-39)/u + (-2)/(-10)?
8
Suppose 9*j - 2790 = 3*j. What is the tens digit of j?
6
Let n be (-48)/20*35/(-21). Let d(w) = 2*w**3 - w**2 + 1. Let m be d(1). Suppose f + m*g + 22 = 5*f, n*g = -20. What is the units digit of f?
3
Suppose s = -s + 52. Let v = -8 + 13. Suppose -v*k + s + 14 = 0. What is the units digit of k?
8
Let s(c) = 2*c - 20. Let w be (13 + 4 - 1) + (0 - 0). What is the units digit of s(w)?
2
Let i(g) be the first derivative of -g**4/4 + 5*g**3/3 - g**2/2 - g - 34. What is the units digit of i(-4)?
7
Suppose 0 = -2*z + 3*g - 3 - 1, -2*g - 19 = 3*z. Let j = -42 - z. Let t = j - -59. What is the units digit of t?
2
Let v = -16 - -30. Let g = -11 + v. What is the tens digit of ((-10)/3)/(g/(-45))?
5
Suppose 7230 = 108*c - 93*c. What is the units digit of c?
2
Let o = 85 + -114. Let c(v) = -v**3 - 29*v**2 - 4*v + 56. What is the hundreds digit of c(o)?
1
Let q(c) be the second derivative of -c**3/6 - c**2 + 4*c. What is the units digit of q(-9)?
7
Let b(w) = 2*w**2 + 19*w + 19. Let r be b(-9). What is the tens digit of r/4*24/(-30) + 23?
2
Let i(u) = 8*u - 36. Let s be i(5). Let x(n) = 20*n - 5. Let y be x(4). Suppose -l + y = 5*r + 2*l, -s*r - l = -67. What is the tens digit of r?
1
What is the units digit of (((-984)/(-10))/(-2))/(36/(-840))?
8
Let z be ((-90)/(-12) - 5)*(-72)/(-15). Let y be (-4)/(-2) - (-31 - 2). Suppose -z - y = -u. What is the units digit of u?
7
Let z = 29 - 18. Suppose -2*w = 1 - z. Suppose -1 - 8 = -3*q, 6 = -3*k + w*q. What is the units digit of k?
3
Let c = -989 - -1420. What is the tens digit of c?
3
Let v(g) be the first derivative of 2*g**3/3 - 4*g**2 + 2*g + 6. Let r be v(4). Suppose r*b + 12 = 3*b. What is the tens digit of b?
1
Let h = -3 + 5. Suppose -d - 145 = -4*d + h*g, 5*d - 240 = 3*g. What is the units digit of d?
5
Let p(l) = l**3 - 7*l**2 + l + 9. Let t be p(7). Let v = t - 11. Suppose 4*f = 4*b - 48, 16 = b + v*f - 4*f. What is the tens digit of b?
1
Suppose -r = 3*v - 358, 11*r = 7*r - 20. What is the tens digit of v?
2
Suppose -2*w + 5*a = 12, -2*a = -4*w + a + 4. Suppose k + 55 = -w*k. Let o = k + 15. What is the units digit of o?
4
Let i = -6 - -7. Let u be (i/(-4))/((-2)/(-8)). What is the units digit of (-5)/(u*(0 + 1))?
5
Let u = -15 - -973. What is the units digit of u?
8
Suppose 0 = 13*x - 17*x + 4. What is the tens digit of -3 - -215 - (2 - (-2)/x)?
0
What is the hundreds digit of 2582 - (12/(-2))/(10 + -8)?
5
Let h be 0 - 4/2 - (-7 + -12). Let y(n) = -n**2 + 30*n + 15. What is the tens digit of y(h)?
3
Let w(j) = -7*j + 1. Let p be (-4)/24 + 21/18. Let i be w(p). Let n(o) = -o**3 - 5*o**2 - 9. What is the units digit of n(i)?
7
Suppose -2242 = -6*s + 1892. What is the hundreds digit of s?
6
Let k(p) = p**3 - 11*p**2 - 13*p - 2. Let x be k(12). Let c = 16 + x. Suppose 3*q + c - 35 = 0. What is the units digit of q?
1
Suppose -g - 3*x = -6*x - 15, 0 = 5*g + 2*x - 7. Suppose -10*d + g*d = -168. What is the tens digit of d?
2
Let o be (10/(-25))/((-3)/15). What is the units digit of (-42)/(-9)*15/o?
5
Suppose -10*p + 749 = -3061. What is the tens digit of p?
8
Let p = 27 - 24. Suppose 0 = 6*m + 9 + p. What is the units digit of 210/6 - (m + 2)?
5
Let d(v) = 20 - 23*v - 30*v + 10*v + 6*v. What is the tens digit of d(-5)?
0
What is the hundreds digit of (558/4 + -6)/(1/22)?
9
Let m = -470 - -547. Suppose 3*d - 67 = -2*k - 8, 0 = -3*k - 2*d + 76. What is the tens digit of (m/k)/((-2)/(-12))?
2
Let u be -1 - -1 - (5 + -11). Let h(k) = k**3 - 7*k**2 + 7*k - 2. Let q be h(u). Suppose 3*j - 4*r = 42, -2*j - r + q*r + 28 = 0. What is the tens digit of j?
1
Suppose 0 = 2*k - 10, 0 = -s - 4*s - 5*k + 75. Suppose 198 = s*r - r. What is the units digit of r?
2
Let s be 8/(-3)*(-2